5, 3*n = 3*i - 15. Let p(r) = -6*r + n*r**2 + 5*r - r**2 + 5 - 15. Calculate p(k).
-10
Let q be 3/(-1)*(-1)/9*3. Let p(j) = 29*j - 3. Give p(q).
26
Let a = 283 - 248. Suppose 0 = -4*f - 5*k - a, 2*k + 26 = 2*f - 6*f. Let d(p) = p**3 + 5*p**2 - 2*p + 7. Give d(f).
17
Suppose -2*u = -5*z + 46, -3*z - 5*u + 14 = -26. Suppose 6*a + z = 4*a. Let f(x) = 11*x + 6*x**2 - 48*x**3 + 2*x - 5 + 49*x**3 - 5*x - 7*x. Calculate f(a).
15
Let u(q) be the third derivative of 13*q**5/60 + 7*q**4/4 + 7*q**3/6 - 3*q**2 - 4*q + 5. Calculate u(-3).
-2
Let v be 6*(1 + (-4)/6). Let m(u) = 9*u + 7. Let r(q) = -11*q - 9. Let z(b) = b**2 - 40. Let k be z(6). Let n(i) = k*r(i) - 5*m(i). Determine n(v).
-1
Let d(m) = -m - 7. Let k(a) = -2*a - 19. Let t(f) = -3*f - 36. Let s(c) = -7*k(c) + 3*t(c). Let r be s(-5). Calculate d(r).
-7
Suppose -30 = 3*q + 5*y + 37, 3*q = 2*y - 32. Let o(d) = -d**3 - 16*d**2 - 17*d + 34. Give o(q).
-120
Let p(g) be the second derivative of g**6/360 + g**5/24 + 5*g**4/24 - 5*g**3/3 + g**2/2 - 73*g. Let j(z) be the second derivative of p(z). Calculate j(-5).
5
Let h(v) = 4*v**2 + 4*v**2 - 19*v + v**2 - 80 + v**2 - 11*v**2. What is h(-5)?
-10
Let x be (-2)/(((-4)/(-6))/(-1)). Suppose -34 = 2*l - 82. Suppose -4*f + 4*d = l, 7*f - x*d + 20 = 3*f. Let z(r) = -4*r - 2. Calculate z(f).
6
Suppose -341 - 89 = -126*p + 40*p. Let s(l) = 2*l**2 - l - 7. Determine s(p).
38
Let z(q) = -14*q**2 - 4*q - 19. Let m(d) = d**2 + 2*d + 13. Let p(g) = 2*m(g) + z(g). Give p(3).
-101
Let x(p) be the second derivative of p**5/20 + 5*p**4/12 + p**3/3 - 3*p**2/2 + 2*p - 797. Suppose -5*n + 3*i - 6 = 0, 0*n + 4*i = -n - 15. Determine x(n).
9
Let p(h) = 1008*h - 245*h - 244*h - 183 - 250*h - 254*h. What is p(12)?
-3
Let q(x) = -2*x**2 - 6*x - 6. Let m be q(-3). Let g(l) = 7*l**2 + 3*l - 2. Let t(a) = a**2 + a. Let h(i) = m*t(i) + g(i). Let w = -369 - -371. What is h(w)?
-4
Suppose 1003*n = 1008*n - 15, 15 = 6*x - 3*n. Let z(y) = 16*y - 12. Determine z(x).
52
Let j(g) = 12*g - 45. Let r(q) = -q**3 - 26*q**2 + 68*q + 338. Let k be r(-28). Calculate j(k).
-21
Suppose 5*z = -392 + 167. Let q = z - -38. Let k(h) = h**3 + 8*h**2 + 7*h. What is k(q)?
0
Let t(b) be the third derivative of b**3 + 1/24*b**4 + 0*b - 4 - 6*b**2. Give t(-6).
0
Let q(f) = -f**2 + 11*f + 82. Let p = 3892 - 3876. Calculate q(p).
2
Let y(k) = -4*k - 63. Let b(l) = -l + 21. Let p(i) = 6*b(i) + y(i). Give p(6).
3
Suppose 4*g - 5*h = -24, 4*g - 11 = 2*h - 35. Let q(b) be the second derivative of 1/2*b**2 - b + 0 - 1/3*b**3. What is q(g)?
13
Let j(l) = -2*l**3 - 9*l**2 - 10*l - 13. Suppose -3*g = -4*v, v - 22 + 17 = 2*g. Let f be j(g). Let k(n) = -3 - 1 - 8 + 2*n - n. Give k(f).
-1
Let l(t) = -t**3 - 9*t**2 - 8*t + 13. Let r = -8199 + 8191. Determine l(r).
13
Let r(i) = 54*i**2 - 9*i - 30. Let p(q) = -13*q**2 + 2*q + 7. Let a(v) = -25*p(v) - 6*r(v). What is a(-6)?
17
Let u(y) = -3*y + 17. Let f(a) = 3*a + 13. Let m(c) = -c - 2. Let x(v) = -5*f(v) - 20*m(v). Let b(o) = 8*u(o) + 5*x(o). Give b(-10).
1
Let a(d) be the first derivative of -10*d + 101 - 1/2*d**2. Give a(-11).
1
Suppose -128*r - 3408 = 156*r. Let m(a) = -a**2 - 15*a - 7. Calculate m(r).
29
Let w(x) = -x**3 - 6*x**2 - 2*x + 6. Let g be w(-5). Let o(s) = 323*s - 45. Let p(y) = -149*y + 22. Let n(f) = -6*o(f) - 13*p(f). Calculate n(g).
-7
Let l(b) = b**2 + 5*b + 4. Let h be l(-4). Let q(a) = a**2 + 11*a - 76. Let j(t) = t**2 + 10*t - 68. Let f(n) = -12*j(n) + 11*q(n). Calculate f(h).
-20
Let l(a) = 267*a + 25*a**3 - 46*a**3 - 23*a**3 + 2 + a**2 - 16*a**3 - 270*a. Give l(1).
-60
Let x(a) be the third derivative of -a**6/120 + a**5/30 - a**4/24 - 17*a**3/6 - 12992*a**2. Calculate x(-2).
1
Let z = 3652 + -3648. Let r(q) = 13*q - 39. Give r(z).
13
Suppose p - 13 = -c + 3*p, 3*c + 16 = -5*p. Suppose 0 = 28*n - 30*n. Let f(x) = x**3 + 9 - 2*x**2 - 5 + n - 3*x. Calculate f(c).
4
Let h(x) = 321*x + 7 + 13*x**2 - 14*x**2 + 318*x - 632*x. Determine h(5).
17
Let v(h) = 54*h + 1475. Let p(g) = -136*g - 3686. Let w(i) = 5*p(i) + 13*v(i). Give w(-34).
-3
Let c(w) = 54*w + 9. Let y(o) = -19*o - 4. Let r(a) = -6*c(a) - 17*y(a). Let m(p) = p**2. Let v be m(3). Calculate r(v).
5
Suppose -28*r = -30*r + 164. Suppose -r = -4*t - 86. Let c be t*(1 + 0 + 0). Let l(z) = z**2 + 2*z + 1. Calculate l(c).
0
Let z be 1/((-959)/161 - -6). Suppose 7 = -z*p + 22*p. Let t(u) = -3*u. Give t(p).
21
Let m(w) = 0*w**3 + 94 + 0*w**3 - 15*w**2 - 55*w - 47*w + 109*w - w**3. Give m(-15).
-11
Let u(q) = -4*q - 2. Let m be (87/(-116))/((-21)/8)*28. Let i be -6*(-15)/(-21) + m/28. Give u(i).
14
Let m be -2*(-5)/20*-4. Let k(y) be the second derivative of -4*y**3 + 508*y + 1. Determine k(m).
48
Let n(c) be the first derivative of c**4/4 - 2*c**3 + 3*c**2/2 - 6*c - 844. Let j = 10 - 6. Let l = j + 2. Determine n(l).
12
Suppose -2*w + w + 27 = l, 21 = w + 4*l. Suppose -w = 5*n - 9. Let m(g) = -g - 1. Determine m(n).
3
Let t(r) = r**2 + 5*r + 1. Let x be (2/(-4))/((-2)/4). Let l be (2/(-4))/(x/(-12)). Suppose -1 = -b - l. Determine t(b).
1
Let w(m) = -1 + 2 - 6 - 3*m. Suppose -92*q + 4*c - 36 = -88*q, -11 = 3*q + c. Determine w(q).
10
Let u(t) = -t**3 + 2*t**2 + 3*t + 7. Suppose 36 = 7*a - 32*a + 111. Determine u(a).
7
Let a(u) = -2*u**2 - 2*u - 1. Let y(v) = -12*v - 3 + 3*v**2 + 9*v + 8 - 4 - 3. Let p(d) = a(d) + y(d). Give p(-3).
21
Let p = 426 - 134. Let t(x) = -x**2 + 301 + 0*x + x - p. Give t(-4).
-11
Suppose 3*i + 5*y - 11 = 0, 3 = -2*i - 2*y + 9. Suppose -6 = -5*k + 4*m, k = 5*k - i*m - 6. Let z(v) = 0 + 3*v**k - 2*v**3 - 5 + 5. Give z(2).
-4
Let s(k) = 455*k - 919*k + 7 + 469*k. Give s(-3).
-8
Let z(x) be the second derivative of -x**5/20 - 3*x**4/4 - 5*x**3/3 - x**2 + 860*x. Calculate z(-7).
-30
Let q(d) be the third derivative of 1/120*d**5 - 6*d**3 + 0 + 0*d + 17*d**2 + 7/12*d**4. Let i(c) be the first derivative of q(c). Calculate i(-9).
5
Let u(f) be the first derivative of -f**4/4 - 4*f**3/3 + 3*f**2 + 7*f + 1. Suppose -279*b + 2006 - 3401 = 0. Calculate u(b).
2
Let l = -113 + 158. Let n be (-210)/4 + 2/4. Let w = n + l. Let h(s) = s - 9. What is h(w)?
-16
Let d(c) = -24*c + 8766 + 7*c - 8760. Calculate d(-1).
23
Suppose 0 = -k - 1 + 2. Let z be (1 + 2 - k)*2. Let y(n) be the third derivative of -n**4/12 + 638*n**2. Calculate y(z).
-8
Let o(s) = -4*s**2 + 82*s + 42. Suppose -116 = -4*p - 4*n, 167*n + 60 = 4*p + 164*n. Give o(p).
0
Let j(o) = o**2 + 5*o + 0*o**2 - 6 - 14 + 10*o. Let t be (-640)/(-80)*(-3 + 4 - 3). Calculate j(t).
-4
Let k(o) be the third derivative of -o**5/30 + 25*o**4/24 - o**3 - 227*o**2. Let f(t) = 4*t**2 - 46*t + 11. Let j(h) = 6*f(h) + 11*k(h). Give j(-2).
10
Let d(t) = t**3 + 3*t**2 + 3*t + 5. Suppose -55*v + 70*v = -60. Calculate d(v).
-23
Suppose -t = -2*s - 5, -5 = 2*t + 2*s - 3. Let a(z) be the second derivative of -3*z**5/10 - z**4/12 + z**3/6 - z**2/2 + z. What is a(t)?
-7
Let b(k) = 5*k**2 - 3*k**2 - 3*k + 1 - 3*k**2 - 5. Let q(f) = -f**3 - 58*f**2 - 4*f - 235. Let c be q(-58). Calculate b(c).
-4
Let a(q) = 17*q**3 + 6*q**2 - 25*q + 44. Let m(t) = 27*t**3 + 9*t**2 - 37*t + 67. Let j(u) = 8*a(u) - 5*m(u). Give j(-6).
-1
Let q(a) = a**3 + 10*a**2 + 6*a - 14. Let v(b) = 5*b**3 + 42*b**2 + 25*b - 56. Let k(o) = 9*q(o) - 2*v(o). What is k(6)?
10
Let z be (-81 + 80)*(-42 - (2 + -1)). Let j(m) = 3 + 1 + 3*m**2 - z*m - 4*m**2 + 36*m. What is j(-8)?
-4
Let i(f) = -f**3 - 8*f**2 + 2*f + 15. Suppose -895*u + 923*u + 127 = -69. Determine i(u).
-48
Suppose -5*o = 5*r + 35, -r + 9 = -13*o - 26. Let j(i) = -3*i + 0*i + 2*i - 3. Calculate j(o).
0
Let k be -1 - (4/(-18) + ((-808)/(-72) - -1)). Let x(c) = 6*c + 19. What is x(k)?
-59
Let i(w) be the second derivative of w**3/3 + 2*w**2 - 6*w. Let k be ((-4)/14)/((27/63)/(-3)). What is i(k)?
8
Suppose 95*g + 407 = -163. Let j(q) = q**3 + 5*q**2 - 17*q - 76. Determine j(g).
-10
Let z(x) = -15*x + 1. Suppose 3*y - 8*y + 3*l = 30, -y - 2*l - 6 = 0. Suppose 0*b - 16 = 4*b. Let c be (-45)/15*b/y. Give z(c).
31
Let t(z) = -z + 8. Let y be t(6). Let m(v) = -2*v + 3*v**y - 8*v**2 + v. Let n be (-6 - (-6 - -1))/(2/4). Give m(n).
-18
Suppose -4*y - 81 = -109. Let h(a) = 3*a**2 - 26*a + 28. What is h(y)?
-7
Let c(j) = j + 1. Let v(i) = 1. Let k(o) = 5*c(o) - 4*v(o). Let z = 0 + 14. Let q(p) = p**3 - 16*p**2 + 28*p + 3. Let f be q(z)